 Let d(r) = 5*r + 24. Suppose s - 4*h = 28, 0*h = -5*s + 5*h + 65. Let z(f) = s*i(f) - 5*d(f). Let n be (6 + (-4 - 2))/3. Give z(n).
8
Suppose 46*q - 50*q + 12 = 0. Suppose 9*r - q*r + 60 = 0. Let b(a) = a**3 + 9*a**2 - 11*a - 12. Determine b(r).
-2
Let m(p) = -3*p + 1. Suppose 5*j + 812 = -2*k, -j - k = 3*k + 166. Let d = j - -161. Determine m(d).
4
Let r(m) = -37*m + 37. Let h be r(1). Let f(p) = -2*p**3 + p**2 - 2*p - 17. Determine f(h).
-17
Let y be 2*-3*2/(-2). Suppose y = -2*l - 2. Let o(i) = i**2 + i + 5. Calculate o(l).
17
Let q(o) = o**3 - 1 - 2*o**2 - 6*o**2 + 16*o + o. Suppose -4264 = -551*i - 1509. Determine q(i).
9
Suppose 5*r = 5*a - 35, 0 = -5*a + r + 30 - 3. Let c = -634 - -637. Let b(w) = -w**c - 258*w + 513*w + 6*w**2 - 259*w. Calculate b(a).
5
Let f = 4565 - 4562. Let o(j) = j**3 - 2*j**2 - j - 5. Calculate o(f).
1
Let b(a) = -3*a**2 - 18*a + 2. Let t(y) be the second derivative of -y**4/12 - y**3 + y**2/2 + 81*y. Let w(v) = -4*b(v) + 11*t(v). What is w(-5)?
-2
Let l(d) = -15*d + 20 + 7*d + 2*d + d + 0*d. What is l(3)?
5
Let v(w) = -5*w**2 + 3*w - 3. Suppose -2*f + f = 2*q - 492, 0 = 5*q + f - 1230. Let h = q + -244. Determine v(h).
-17
Let j(a) = -9*a**2 + a + 1. Suppose 3*p + 3*d + 132 = 0, -2*d = -3*p + 2*d - 160. Let q = 34 + p. Let z(n) = -n - 15. Let r be z(q). Determine j(r).
-9
Let c = 6889 + -6901. Let f(j) = 0*j**2 + 1 - 5*j**2 + 4*j**2 + 9 - 10*j. Determine f(c).
-14
Let p = 35 + -21. Let m(v) = -7*v**2 - 13*v - 1. Let g(h) = 39*h**2 + 64*h + 16. Let l(j) = 2*g(j) + 11*m(j). What is l(p)?
7
Let o(z) be the second derivative of -z**4/12 + 5*z**3/6 - z**2 + 2*z. Suppose -166*h + 112*h = 289*h - 1372. Calculate o(h).
2
Let s be 2*(108/(-8) - 2). Let n = 13 + s. Let z be 114/n + 3/9. Let x(j) = -j**3 - 6*j**2 + j + 4. Calculate x(z).
-2
Let j(w) = 46 + 39*w - 47*w - 27. What is j(4)?
-13
Suppose 5*n = -7 + 2. Let c(m) = -10*m**2 + 3*m - 5. Let q(k) = k - 1. Let w(r) = 2*r**2 + 10*r - 1. Let l be w(-5). Let x(a) = l*c(a) + 4*q(a). Give x(n).
10
Let n(k) = -52*k + 25754 - 51*k - 25750. What is n(1)?
-99
Let n(u) = 171*u**2 - 7*u + 35. Let l(r) = -79*r**2 + 3*r - 17. Let m(v) = -13*l(v) - 6*n(v). Determine m(-7).
39
Let u(g) = g**3 - 32*g**2 + 31*g - 6. Let d(j) = 5*j**3 + 14*j**2 - 50*j + 35. Let o be d(2). Determine u(o).
-6
Let w(v) = -23*v**2 + 2*v - 1. Let q be 4/34 - 812/(-34). Suppose 58*m - q*m = 34. Give w(m).
-22
Let r(u) = 2*u**2 + 10*u - 12. Let n(b) = -3*b**2 - 241*b - 695. Let o be n(-3). Give r(o).
0
Let h be ((-28)/(-21))/(117/27 - 5). Let t(u) be the third derivative of -u**5/60 - u**4/8 - u**3/3 - u**2. What is t(h)?
0
Let q(s) = s**3 - s**2 - s + 3. Let r = 501 - 501. What is q(r)?
3
Let i(a) = -43*a + 74. Let j be i(-5). Let h = j + -295. Let g(r) = 3*r**3 + 18*r**2 - r - 3. Give g(h).
3
Let v(s) = 3*s + 6. Let g(q) = 6*q - 37. Let h be g(10). Suppose 0 = 3*p - h + 2. Give v(p).
27
Let j = 1158 + -815. Let q = -338 + j. Let m(g) = g**3 - 4*g**2 - 4*g - 11. Determine m(q).
-6
Suppose -10*g = -378 + 368. Let r = 2 + 0. Let v(z) = 2 + 3*z**r - 1 - 2*z - 9*z**3 - 2*z**2 - 2*z**3. Determine v(g).
-11
Suppose -17*y + 112 = -41. Suppose -5*c - 6 = -y*f + 7*f, c + 15 = 5*f. Let v(u) = -u - 29. Calculate v(c).
-29
Suppose -1107 - 230 = -5*m - 2*n, 4*m + 5*n - 1073 = 0. Let l(o) = -4*o**2 + 265*o + o**3 + m*o + 7 + 0*o**3 - 537*o. Let z be 1/(33/15 - 2). Determine l(z).
7
Let h(i) = 493*i**2 - 23*i - 6. Let z(j) = -394*j**2 + 22*j + 6. Let c(a) = 4*h(a) + 5*z(a). What is c(-13)?
110
Let m(g) = -g + 7. Let a(k) = k - 8. Let n(t) = -4*a(t) - 5*m(t). Let q be 2/(11 - (-135)/(-12)). Calculate n(q).
-11
Let y = -9118 - -9126. Let w(t) = t - 17. Let q(v) = v - 16. Let d(x) = -3*q(x) + 2*w(x). What is d(y)?
6
Let m = -13 - -18. Let n(u) be the third derivative of -u**7/5040 + u**6/360 - 23*u**5/20 + 221*u**2. Let z(r) be the third derivative of n(r). Calculate z(m).
-3
Let a = 39845 + -39839. Let l(z) = 4*z - 4. Let h(b) = -b. Let v(c) = -3*h(c) - l(c). What is v(a)?
-2
Let c(t) = -5*t**2 + t - 1. Suppose 19540 = -40*o + 19660. Give c(o).
-43
Let z be (-6)/5*(-20)/(-6). Let a = 492 - 490. Let k(m) = 5*m**3 + 3 + 180*m**2 - 349*m**2 + 4*m - 4*m**3 + 174*m**a. What is k(z)?
3
Let j(n) = -14 + 5*n + 0*n**2 + n**2 + 5*n. Let c be (520/(-60) + 16)/(4/(-6)). Calculate j(c).
-3
Let o(y) be the first derivative of -y**4/4 + 2*y**3 + 8*y - 3048. Let z = -2 + 8. Give o(z).
8
Let k(x) = x**2 - 20*x + 100. Let h be k(7). Suppose 4*z - 7 = -0*t + t, -2*z = 2*t - 6. Let p(s) = s**3 - 4 + 7*s**z - h*s - 2*s**3 + 19*s. Give p(8).
12
Let d(x) be the second derivative of -x**7/2520 - x**6/90 + 7*x**4 + x + 4. Let i(u) be the third derivative of d(u). What is i(-6)?
12
Let z(i) be the first derivative of -7*i**2 - i + 1. Let h be (-18)/(-16) - (-347)/(-2776). Calculate z(h).
-15
Suppose 96 = -5*v + 146. Let a(o) = 10 - 2 - v + 1 - o. Give a(5).
-6
Let u(k) = 2*k**2 - 22*k - 76. Let j be u(-3). Let n(v) = v**3 - 8*v**2 + 2*v - 6. Calculate n(j).
10
Let n(p) = -p**3 + p**2 + 11*p + 2. Let z(t) = -t**3 + 12*t + 3. Let i(r) = 4*n(r) - 3*z(r). Let c be -20*(5 + (2 - 68/5)). Let k = c - 126. What is i(k)?
-25
Let j = -35530 - -35532. Let b(p) = -25*p + 46. Give b(j).
-4
Let f(q) = -q**3 - 6*q**2 + 11*q + 7. Let a(r) = 161*r**3 + 1. Let s be a(1). Suppose -9*v - s = -396. Suppose -8*d = 30 + v. What is f(d)?
-21
Suppose -11*b + 8 - 8 = 0. Suppose -44 = -4*o - b*p - 5*p, -3*p + 18 = o. Let s(l) = -2*l + 10. What is s(o)?
-2
Let l(v) = v + 11. Let y(o) = 211*o - 2329. Let z be y(11). What is l(z)?
3
Let n(s) be the third derivative of -s**5/40 - s**4/4 + 119*s**3/3 + s**2 + 2. Let u(o) be the first derivative of n(o). Determine u(-3).
3
Let u = -100/139 - -1295/834. Let v(s) be the third derivative of u*s**3 + 12*s**2 + 0 + 1/24*s**4 + 0*s. Give v(-6).
-1
Let t(y) = 3*y - 6. Let v(q) = -5*q + 13. Let l(s) = 13*t(s) + 6*v(s). Let p be (-18)/7 + 1532/(-2681) + (-8)/(-7). Calculate l(p).
-18
Suppose -12*c - 104 = -128. Let p(b) = -b + 2*b + b**3 - 30*b**2 + 23*b**2 + 0 - 1 - c. Determine p(7).
4
Let i(h) = -h**3 - 4*h**2 + 4*h. Let g = -3679 + 3675. What is i(g)?
-16
Suppose -2*x = 3*w + 80 - 72, -4*w = -3*x + 39. Let n(b) = -b**2 + 44*b + 294. Calculate n(w).
-6
Let b(i) be the first derivative of -12 + 3*i**2 - 4/3*i**3 + 7*i - 1/4*i**4. What is b(-5)?
2
Let n = 178 + -193. Let k(l) = l**2 + 9*l - 87. Let r be k(n). Let z(m) = 2*m**2 - 4*m - 2. Calculate z(r).
4
Let s(o) = 9*o - 13. Suppose 125*r + 45 = 169 + 126. Calculate s(r).
5
Suppose 0 = 51*y - 3337 + 1093. Let q(b) = 11*b - y*b - 14 + 17*b + 14*b. What is q(-7)?
0
Let v(b) = b**2 + 22*b + 97. Let u be (5/(-2))/((-2)/14 + 216/336). Give v(u).
12
Let m(a) = -4*a**2 + 2. Let k(q) = -18*q + 324. Let n be k(18). Suppose -2*p = -b - 25 + 27, -2*b - 3*p - 10 = n. Give m(b).
-14
Let z(j) = -j**3 + 6*j**2 + j - 4. Suppose -706 = -202*t + 304. Calculate z(t).
26
Let s(j) = j**3 + j - 11*j + 17*j + j**2 - 17 - 12*j**2. Determine s(10).
-47
Let v(f) = -11*f**3 + 8*f**2 + f - 1. Let b(x) = 5*x**3 - 4*x**2. Let k(r) = -9*b(r) - 4*v(r). Let q(l) = 4*l - 29. Let i be q(8). Calculate k(i).
1
Let f(j) = -4*j**3 - j - 2. Let s(z) = -21*z**3 - 9*z**2 - 17*z - 20. Let g(r) = 5*f(r) - s(r). Give g(-8).
-22
Let a = -235 - -291. Suppose -38*l + a = -45*l. Let p(b) = b**2 + 9*b + 2. What is p(l)?
-6
Let y(o) = -16*o - 87. Let m(x) = 12*x + 58. Let p(b) = 7*m(b) + 5*y(b). Give p(13).
23
Suppose 2*c = 9*c - 21. Let a(w) = 11*w**2 - w**c - 2*w**2 - 11*w - 19 + 13 + 9. Determine a(8).
-21
Let d(k) = -k**3 - 14*k**2 + 14*k - 5. Let f(b) = -50*b - 165. Let n be f(-3). Calculate d(n).
10
Let z(q) be the second derivative of q**6/120 - 3*q**5/10 + 17*q**4/24 - q**3/3 + 293*q**2/2 - 99*q. Let c(d) be the first derivative of z(d). What is c(17)?
-2
Let b be (-17 - -23) + -4 + -6. Let i(a) = a**3 + 3*a**2 - 11*a - 9. Give i(b).
19
Let i(a) be the second derivative of -a**5/120 - a**3/6 + 3*a**2 - 39*a. Let r(t) be the second derivative of i(t). What is r(2)?
-2
Let m(v) = -v**3 - 6*v**2 - 22737 - 4*v + 5*v - 2*v + 22781 + 7*v. Determine m(-6).
8
Let w(g) = -g**2 + 28*g - 90. Let x be 4848/(-1414)*(-7 + 0). Determine w(x).
6
Let b(a) = 69 - 2*a**2 - 24 + 156*a - 129*a. What is b(15)?
0
Let h(x) = -x**3 + x + 1. Let t = 8